 of n?
1
Let j = -16 + 8. Suppose -2*s + 0*s - 10 = 0. Let r = s - j. What is the units digit of r?
3
Let w = -14 - -23. Let a = w - 4. What is the units digit of a?
5
Let m be 10/4*16/10. Suppose m*z + z = k + 86, 2*z - 38 = 4*k. What is the units digit of z?
7
Let d = 9 - 1. Let u be 3/2*(-16)/d. Let b = u + 4. What is the units digit of b?
1
Suppose 5*k = 4 + 6. Suppose -5*x = -29 - 16. Suppose -z = -2*b - 6*z + 20, b + k*z = x. What is the units digit of b?
5
Let d be ((-10)/6)/((-2)/6). Suppose d*w - 9 = 2*w. What is the units digit of w?
3
Let b(r) be the third derivative of r**5/60 + 5*r**4/24 - 2*r**3/3 + 11*r**2. Suppose -5*x - 4*u = -2*x + 38, 0 = u + 5. What is the units digit of b(x)?
2
Let j = -111 - -79. Let z = 57 + j. Suppose 6*c = 3*c + f + 35, c - z = 3*f. What is the units digit of c?
0
Let p(q) = -q**2 + 4*q + 7. Suppose -2*b - 33 = -5*t, 5*t + 1 - 6 = -5*b. Let x be p(t). Let r = 8 - x. What is the units digit of r?
6
Suppose -7 = -3*y - 1. Let a be 3 + y/(1 - 2). Let c(r) = 11*r - 1. What is the units digit of c(a)?
0
Suppose l - 2*u + 9 = 0, 0*u + u = l + 4. Let a(y) = 11*y + 1. Let s(w) = -w. Let d(c) = a(c) + 4*s(c). What is the units digit of d(l)?
8
Suppose 7*o - 416 = 3*o. What is the units digit of o?
4
Suppose 4*t = t. Suppose t = g - 5*g. Suppose h + g = 4. What is the units digit of h?
4
Let j be (-3)/12 - 180/(-16). Let b(t) = t**3 - 12*t**2 + 13*t + 13. What is the units digit of b(j)?
5
Suppose -10*f + 6*f = -20. Suppose -y = z - 3, -6 - 14 = -f*z - 4*y. What is the units digit of z?
8
Suppose 5*c = -l + 160, -3*c + 74 = 2*l + 3*l. What is the units digit of (-101)/(-11) + (-6)/c?
9
Let x = -11 + 5. Let y = x - -7. What is the units digit of y?
1
Let k(n) = -5*n**2 - 2*n + 1. Let t be k(2). Let u = t + 47. What is the units digit of u?
4
Suppose 3*t - 915 = 2*d, t - 3*d - 189 = 116. What is the hundreds digit of t?
3
Suppose -2*f = -2 - 6, -2*i + 6 = f. Suppose 2 = 3*p - i. What is the units digit of p?
1
Let h(u) = u**3 - 4*u**2 + 4*u - 1. Let a be h(3). Suppose -4*p - 5*t - 32 = 0, -2*p - 3*p - 3*t - 40 = 0. What is the units digit of (-38)/p - a/(-8)?
5
Let c(m) = 3*m**2 - 10*m + 7. What is the units digit of c(6)?
5
Suppose 0 = -2*z - 6*z + 912. What is the hundreds digit of z?
1
Suppose 90 = -0*c + 5*c - 5*w, 0 = 5*c - 4*w - 88. Suppose 0 = b - 16 - c. What is the units digit of b?
2
Suppose v = -2*v + 12. Suppose -2*s = 10, -5*c + v*c + 28 = -2*s. Suppose 0 = 4*l - 14 - c. What is the units digit of l?
8
Let v = 42 - 29. What is the units digit of v?
3
Let u be (0 - 0) + 0/(-4). Suppose 2*z + u*z - 24 = 0. Suppose -r + z = r. What is the units digit of r?
6
Let h(z) = z**3 + 13*z**2 - 15*z - 4. What is the units digit of h(-13)?
1
Suppose 2 + 0 = q. Suppose -l - 5*a = -q*l + 20, 7 = -l - 4*a. What is the units digit of l?
5
Suppose -509 = -4*t + 43. Suppose -3*m + t = -2*o, m + 0*m = 3*o + 39. What is the units digit of m?
8
Let i = -35 + 76. Let d = -21 + i. What is the tens digit of d?
2
Let w(h) = 18*h**2 + 1. What is the tens digit of w(1)?
1
Suppose -52 = -5*x + 33. Suppose -5*z + 25 + x = 3*r, 4*z - 28 = -r. What is the units digit of z?
6
Let b be (-220)/(-12) + 1/(-3). Let h = 41 - b. What is the units digit of h?
3
Let p(h) = h**3 + 2*h**2 + 2*h. Let f be p(3). Let j be (f/9)/((-2)/(-6)). Let o = 25 - j. What is the units digit of o?
8
Suppose 2*g = -4*p - 3*g + 549, 0 = -2*p + g + 271. What is the hundreds digit of p?
1
Suppose -4*h - 10 = -22. Suppose 0 = -2*w - h*m + 3, 3*w + 3*m + 3 - 12 = 0. What is the units digit of w?
6
Let c = -7 - -7. Suppose -2*y - 5*r + 16 = c, 0 = -5*r + 7*r - 8. What is the units digit of 26*(3/y - -2)?
3
Suppose -3*w + 18 = -12. Let j = -7 + w. Let k = j + -1. What is the units digit of k?
2
Let u(p) = -3*p + 4. Let x be u(3). Let n = -4 - x. What is the units digit of n?
1
Let y(u) be the third derivative of -1/6*u**4 + 0 + 0*u + 2*u**2 + 1/30*u**5 - 1/2*u**3. What is the units digit of y(4)?
3
Let d = -51 + 124. What is the units digit of d?
3
Let n be (-4 - -3)*3 - 1. Let j = 6 + n. What is the units digit of j?
2
Let j(q) = q**2 + 2*q - 2. Let k be j(-5). Let o(p) = -p**3 - 9*p**2 - p + 11. Let g be o(-9). Let y = g - k. What is the units digit of y?
7
Suppose 4*z + 74 = 2*p, -2 = -p + 4*z + 39. What is the units digit of p?
3
Suppose 14*i = 950 + 198. What is the tens digit of i?
8
Let l be 2/1*-1*-2. Let q(o) = 2*o - o**3 + l*o**2 - 1 - 2*o. What is the units digit of q(2)?
7
Let m(a) = -1 - 4 + 1 + 3*a. Let q be m(3). Suppose -3*f = -q*f + 8. What is the units digit of f?
4
Let s(i) = -i**2 + 1. Let g(n) = -5*n**2 + 6*n + 3. Let l(v) = g(v) - 4*s(v). What is the units digit of l(4)?
7
What is the units digit of 3/(-6) + (-66)/(-4)?
6
Suppose -4*o - 269 = -3*p, 4*p + o - 347 = 4*o. What is the units digit of p?
3
Suppose 6*n - 88 - 104 = 0. What is the tens digit of n?
3
Suppose -5*p - 12 = -47. Let b = p + -5. What is the units digit of b?
2
What is the units digit of -18*3*26/(-18)?
8
Let s be 40/((-5)/((-15)/2)). What is the units digit of ((-2)/5)/((-2)/s)?
2
Suppose -3*s = s + 28. What is the units digit of (s/(-5))/((-5)/(-25))?
7
Suppose -4*l = -9*l + 40. Suppose -4*w + 2*w + r - 1 = 0, -w - 5*r = -5. Let a = l - w. What is the units digit of a?
8
Let u be -10*(-2)/4*1. Let p = -4 + u. What is the units digit of (-6)/(p - (-7)/(-4))?
8
Let z be (8/(-10))/(2/(-40)). What is the units digit of z + (1 - (2 + 1))?
4
Let p(z) = -2*z + 9. Let d be p(7). Let t(b) = b + 10. Let m be t(d). Suppose 3*x + 3*n = 30, 5 = -4*x - m*n + 10*n. What is the units digit of x?
5
Let x(u) = -2*u - 1. Let f be x(1). Let l(y) = 2*y**3 + 5*y**2 + 2*y - 3. Let w be l(f). What is the units digit of 1/(33/w - -2)?
6
Let k(t) = -t**2 - 3*t + 4. Let m be k(-3). Suppose 2*l - 24 = -m. What is the units digit of l?
0
Suppose 0*k = -4*k. Suppose 2*f - 22 + k = 0. What is the tens digit of f?
1
Let z(s) = -s**3 + 3*s**2 + 6*s + 4. Let d = -5 - -10. Let x be z(d). What is the units digit of (-4)/x - (-23)/4?
6
Suppose 4*w = -10 + 2, -3*w = -k + 12. Suppose -4*q = -k*q. What is the units digit of 4 - -3 - (q - 1)?
8
Let m = 137 + -52. What is the units digit of m?
5
Let k(v) = -v + 2. Suppose 4*a - 6 = 2*a. Let h = a + -3. What is the units digit of k(h)?
2
Let q(m) = -2*m**3 - 13*m**2 - 5*m + 11. Let t(y) = -4*y**2 - y**3 - 3*y**2 + 6 + 0*y**3 - 2*y. Let c(u) = -2*q(u) + 5*t(u). What is the units digit of c(-9)?
8
Suppose 0*t = 2*t - 4. Suppose 120 = t*f + f. What is the units digit of (36/30)/(6/f)?
8
Let p(f) = f**2 - 9*f + 8. Let a be p(6). Let j(i) = -2*i - 7. Let b be j(a). Suppose 0 = 2*k - 5 - b. What is the units digit of k?
9
Suppose -7*d = -2*d - 155. What is the units digit of d?
1
Let w = 4 + 4. Let f(z) = z**3 - 8*z**2 + z + 1. What is the units digit of f(w)?
9
Suppose -2*m + 2*q = -0*q - 6, -m = 5*q - 15. Suppose a - 34 = -m*y, a = 6*a + 5. What is the units digit of y?
7
Let v(f) = 2*f - 2 - 8*f + f. What is the units digit of v(-2)?
8
Let t(n) = 2*n - 7. Let j be t(5). Let y = j + -4. What is the units digit of ((-1)/(-3))/(y/(-9))?
3
Let f(r) = r**3 - 5*r**2 + 2*r - 7. Let n be f(5). Suppose -n*h + 5*h - 18 = 0. What is the units digit of h?
9
Suppose 5*k + 0*k + 10 = 0. Let t = -3 - k. Let x = t + 10. What is the units digit of x?
9
Suppose -14*a + 90 = -9*a. Suppose p + 34 = 5*f, 0 = -5*f + 3*p + 1 + 31. Let d = a - f. What is the units digit of d?
1
Suppose 4*x + 4 - 16 = 0. Let g = -50 + 75. Suppose x*b = -o + 29, 4*b + 3*o - 22 = g. What is the units digit of b?
8
Suppose -5*m + 55 = -0*m. Let p = -2 + m. What is the units digit of p?
9
Let g be 4/(-18) + (-1610)/45. Let s = g - -57. What is the units digit of s?
1
Let t be 4/(-18) - 60/(-27). Let x = 13 - t. What is the units digit of x?
1
Let l = 6 - 0. Suppose -3*q = -18 - l. What is the units digit of q?
8
Let s = 4 + -7. Let a = 6 + s. Suppose a*t - 2 - 1 = 0. What is the units digit of t?
1
Let t(m) = 7*m**2 - m. Let r be t(-1). Let u = 9 + -5. Suppose 0*x = -2*x - 5*b + 18, -u*x = -4*b - r. What is the units digit of x?
4
Let g be 18/(-9)*(-17)/2. Suppose -g = 3*u - 41. What is the units digit of u?
8
Suppose -j + r + r = -13, -j = 2*r + 7. Let v be 2 - (-1 - 24*2). Suppose -5*w + 2*f - 4*f = -70, 0 